le of 59?
False
Is 21167445 a multiple of 3?
True
Is 17 a factor of 6918673?
False
Is 426167839 a multiple of 51?
False
Does 861 divide 242897571?
True
Is 387976051 a multiple of 133?
False
Does 41 divide 28040146?
True
Is 79355759 a multiple of 19?
False
Is 18647920 a multiple of 1814?
True
Does 16 divide 1466221717?
False
Is 1245458284 a multiple of 476?
True
Does 1754 divide 10676126?
False
Does 6635 divide 856711200?
True
Does 94 divide 2105899559?
False
Is 5420 a factor of 898738688?
False
Does 3444 divide 106119972?
True
Is 3040 a factor of 6079681?
False
Is 159353880 a multiple of 123?
True
Is 57 a factor of 6638244927?
False
Is 125 a factor of 793371780?
False
Is 42 a factor of 9217642?
False
Is 40296807 a multiple of 358?
False
Is 52 a factor of 17355720?
False
Is 18117827 a multiple of 18?
False
Does 1626 divide 135491390?
False
Is 158 a factor of 156593701?
False
Does 278 divide 13346718?
False
Is 646698040 a multiple of 10?
True
Is 133 a factor of 5764156?
False
Is 1119 a factor of 29355846?
True
Is 72 a factor of 104130576?
True
Is 121 a factor of 211149840?
True
Does 13 divide 45544058?
False
Is 134 a factor of 761192?
False
Is 440 a factor of 10619240?
False
Is 9 a factor of 177309217?
False
Is 213 a factor of 141067841?
False
Is 10425866 a multiple of 67?
False
Is 7302432 a multiple of 58?
True
Does 1168 divide 1457463431?
False
Is 176938802 a multiple of 1150?
False
Does 4 divide 6065893?
False
Is 1330305057 a multiple of 3?
True
Is 19 a factor of 684522499?
False
Does 14 divide 43613187?
False
Is 27 a factor of 6046872?
False
Is 1556 a factor of 28158932?
True
Does 166 divide 42928264?
True
Is 8 a factor of 11258662?
False
Does 13 divide 811057593?
False
Does 185 divide 1080918616?
False
Is 1244 a factor of 39656317?
False
Is 6 a factor of 43898159?
False
Is 1710977142 a multiple of 152?
False
Does 144 divide 245351190?
False
Does 3313 divide 109187619?
False
Is 15520668 a multiple of 249?
True
Is 209841146 a multiple of 367?
False
Is 173 a factor of 206745222?
False
Does 220 divide 6669740?
True
Is 87 a factor of 18318671?
False
Does 5375 divide 3118621975?
False
Is 12 a factor of 128326992?
True
Is 86 a factor of 159519265?
False
Is 288277252 a multiple of 362?
True
Is 1227112788 a multiple of 143?
False
Is 438073272 a multiple of 4?
True
Does 524 divide 59519707?
False
Does 46 divide 1976560?
False
Does 6 divide 188663512?
False
Is 10 a factor of 143922801?
False
Is 3382 a factor of 388892798?
True
Does 13 divide 1148858100?
True
Is 114736410 a multiple of 4821?
False
Does 4242 divide 3749121818?
False
Is 29245851 a multiple of 3141?
True
Is 1163 a factor of 20456007?
True
Is 53 a factor of 3277226364?
False
Does 21 divide 1218527352?
True
Is 26292606 a multiple of 3?
True
Is 636652500 a multiple of 22?
True
Does 1039 divide 9386161?
False
Is 1157 a factor of 585888057?
False
Is 93785663 a multiple of 1472?
False
Does 152 divide 2979185291?
False
Is 88 a factor of 20489480?
True
Is 233 a factor of 31697413?
False
Is 72021760 a multiple of 80?
True
Is 58 a factor of 9503283?
False
Does 2561 divide 51524759?
True
Does 335 divide 59271885?
True
Is 3032520777 a multiple of 1481?
True
Is 34 a factor of 421046234?
False
Is 154 a factor of 44221272?
False
Does 71 divide 96045392?
True
Is 4 a factor of 4365637?
False
Is 1371 a factor of 76276956?
True
Is 97972759 a multiple of 269?
True
Is 1924 a factor of 1572677582?
False
Is 35953575 a multiple of 1138?
False
Does 33 divide 30932220?
True
Is 179523652 a multiple of 20?
False
Does 265 divide 1244695195?
True
Is 10 a factor of 1780212779?
False
Is 439346494 a multiple of 4?
False
Is 10664982 a multiple of 644?
False
Is 14 a factor of 2262593?
False
Is 21 a factor of 2367110109?
True
Is 1353905952 a multiple of 5054?
True
Is 10 a factor of 420181900?
True
Is 78 a factor of 4142268?
True
Is 36449083 a multiple of 7?
False
Is 124990047 a multiple of 189?
True
Is 26148980 a multiple of 902?
True
Is 56 a factor of 3226305?
False
Is 142 a factor of 140504456?
True
Does 783 divide 1675759374?
True
Is 29617849 a multiple of 474?
False
Is 1534343976 a multiple of 12357?
True
Does 980 divide 1241023000?
True
Does 4 divide 1101705300?
True
Is 2 a factor of 173187870?
True
Is 317668875 a multiple of 38?
False
Is 170305474 a multiple of 67?
False
Is 694 a factor of 26056924?
True
Is 1524164025 a multiple of 4395?
True
Is 24947392 a multiple of 2008?
True
Is 736743712 a multiple of 8?
True
Is 26 a factor of 66261078?
True
Does 22 divide 188351130?
True
Does 1523 divide 2143521980?
False
Is 3002978218 a multiple of 2249?
False
Does 1716 divide 28058542?
False
Is 11 a factor of 847877671?
False
Is 428 a factor of 430043700?
True
Does 96 divide 32987328?
True
Is 63 a factor of 2120271615?
True
Does 1557 divide 35482473?
True
Is 219261714 a multiple of 322?
True
Is 205653180 a multiple of 20?
True
Does 89 divide 5485782?
True
Does 57 divide 331246911?
False
Is 46 a factor of 54722980?
True
Does 332 divide 431571487?
False
Is 139184414 a multiple of 38?
False
Does 55 divide 4451215780?
True
Does 16 divide 19954896?
True
Is 2041 a factor of 2482393345?
False
Is 294950703 a multiple of 552?
False
Is 870151000 a multiple of 40?
True
Is 5945674 a multiple of 308?
False
Does 164 divide 4959978?
False
Is 11 a factor of 86954483?
True
Does 58 divide 1739814298?
False
Is 40973699 a multiple of 3147?
False
Is 32 a factor of 29443631?
False
Is 122591147 a multiple of 145?
False
Does 44 divide 3364678?
False
Is 8 a factor of 79372736?
True
Is 4902 a factor of 856227438?
True
Is 11881942 a multiple of 263?
False
Is 444846780 a multiple of 252?
True
Does 106 divide 212273162?
True
Is 31 a factor of 36691879?
True
Does 37 divide 438819667?
True
Is 2949874704 a multiple of 42?
True
Is 44 a factor of 634470611?
False
Is 543 a factor of 80532873?
True
Is 76069901 a multiple of 2071?
True
Is 9 a factor of 1257576489?
True
Is 543 a factor of 15804079?
False
Is 4780 a factor of 426108227?
False
Does 876 divide 37941312?
True
Is 9650070 a multiple of 515?
True
Does 129 divide 572679926?
False
Is 727248 a multiple of 556?
True
Does 34 divide 40774024?
True
Is 2429119 a multiple of 20?
False
Does 7 divide 56137710?
False
Is 118376050 a multiple of 8?
False
Is 11702543 a multiple of 5?
False
Is 5849240 a multiple of 929?
False
Is 2475448469 a multiple of 31?
False
Does 334 divide 407901938?
False
Is 54 a factor of 3847336434?
True
Is 66070284 a multiple of 97?
False
Is 38656864 a multiple of 39?
False
Does 6147 divide 321179756?
False
Does 18 divide 58824324?
True
Is 43 a factor of 38373948?
False
Is 15 a factor of 90196777?
False
Is 929251526 a multiple of 1057?
False
Is 38086779 a multiple of 95?
False
Is 622 a factor of 1656236720?
True
Is 13713841 a multiple of 13?
False
Does 4 divide 17573472?
True
Is 63918507 a multiple of 323?
False
Is 4228376893 a multiple of 18?
False
Does 26 divide 211365544?
True
Is 51 a factor of 716150598?
False
Is 1063997801 a multiple of 319?
False
Does 763 divide 37612085?
True
Is 1165763346 a multiple of 66?
True
Is 191 a factor of 85601298?
False
Does 115 divide 574891900?
True
Is 225335616 a multiple of 24?
True
Is 438701108 a multiple of 227?
True
Is 100 a factor of 557399100?
True
Is 994 a factor of 148275092?
False
Is 1325 a factor of 1459699275?
False
Does 3 divide 18671670?
True
Does 186 divide 41303544?
False
Is 49 a factor of 1332805536?
False
Does 2 divide 119060602?
True
Is 105 a factor of 35111214?
False
Does 300 divide 15820105?
False
Is 47920860 a multiple of 260?
True
Is 478 a factor of 805102570?
True
Is 147 a factor of 7506014?
False
Is 16 a factor of 45957523?
False
Is 1098499570 a multiple of 2062?
True
Is 129017650 a multiple of 225?
False
Is 27 a factor of 113829678?
True
Does 3210 divide 1786650690?
True
Is 591989093 a multiple of 154?
False
Is 118 a factor of 170918671?
False
Is 528582660 a multiple of 418?
False
Is 263148992 a multiple of 199?
False
Does 74 divide 55299904?
True
Is 342 a factor of 2110516884?
True
Is 1655 a factor of 82857457?
False
Is 201 a factor of 742276020?
False
Is 141816813 a multiple of 10?
False
Is 16 a factor of 4590428610?
False
Does 24 divide 330975935?
False
Is 1300 a factor of 2485154051?
False
Does 3106 divide 234080584?
True
Is 